{"id":3,"date":"2025-03-18T14:00:35","date_gmt":"2025-03-18T14:00:35","guid":{"rendered":"https:\/\/ctelexport.com\/web\/?page_id=3"},"modified":"2026-01-13T14:54:38","modified_gmt":"2026-01-13T14:54:38","slug":"politica-de-privacidade","status":"publish","type":"page","link":"https:\/\/ctelexport.com\/web\/index.php\/politica-de-privacidade\/","title":{"rendered":"Pol\u00edtica de Privacidade"},"content":{"rendered":"\t\t<div data-elementor-type=\"wp-page\" data-elementor-id=\"3\" class=\"elementor elementor-3\">\n\t\t\t\t<div class=\"elementor-element elementor-element-5e0aea3 e-flex e-con-boxed e-con e-parent\" data-id=\"5e0aea3\" data-element_type=\"container\">\n\t\t\t\t\t<div class=\"e-con-inner\">\n\t\t\t\t<div class=\"elementor-element elementor-element-cf39a71 elementor-widget elementor-widget-text-editor\" data-id=\"cf39a71\" data-element_type=\"widget\" data-widget_type=\"text-editor.default\">\n\t\t\t\t<div class=\"elementor-widget-container\">\n\t\t\t\t\t\t\t\t\t<p><strong>Pol\u00edtica de Privacidade<\/strong><\/p><p><strong>Por favor, leia este texto e conhe\u00e7a melhor a nossa Pol\u00edtica de Privacidade.<\/strong><\/p><p>Pol\u00edtica de privacidade online da CTEL EXPORT fornece informa\u00e7\u00f5es sobre precis\u00e3o, acesso, seguran\u00e7a e a forma como CTEL EXPORT controla as informa\u00e7\u00f5es dos clientes obtidas a partir do respectivo Web site.<br \/>Este site \u00e9 propriedade da CTEL &#8211; Companhia de Tecnologias de Empresa, Lda.<\/p><p><strong>A Pol\u00edtica de Privacidade da CTEL.<br \/><\/strong>A presente Pol\u00edtica de Privacidade engloba os dados pessoais que identificam claramente os visitantes a este site recolhidos sempre que o site www.ctelexport.com \u00e9 visitado, bem como quando est\u00e3o a ser utilizados os servi\u00e7os que prestamos.<br \/>Esta pol\u00edtica n\u00e3o se aplica a empresas que n\u00e3o estejam sobe a supervis\u00e3o da CTEL, assim como tamb\u00e9m n\u00e3o engloba pessoas externas \u00e0 CTEL.<\/p><p><strong>Recolha e Tratamento dos Dados Pessoais<br \/><\/strong>Em www.ctelexport.com recolhemos informa\u00e7\u00e3o sempre que haja um registo volunt\u00e1rio do visitante. A informa\u00e7\u00e3o assim recolhida \u00e9 individualmente identific\u00e1vel (dados pessoais).<br \/>Recolhemos igualmente informa\u00e7\u00e3o sobre o sistema inform\u00e1tico utilizado para aceder a www.ctelexport.com, sempre que visite p\u00e1ginas em www.ctelexport.com.<br \/>Os dados inform\u00e1ticos recolhidos s\u00e3o, nomeadamente os referentes ao ponto de acesso, recebidos atrav\u00e9s dos browsers que incluem o endere\u00e7o de IP (Internet Protocol). Geram-se cookies com informa\u00e7\u00f5es sobre a p\u00e1gina visitada, que s\u00e3o instalados nos sistemas inform\u00e1ticos onde essa op\u00e7\u00e3o esteja activada.<br \/>Os dados obtidos desta forma n\u00e3o s\u00e3o individualmente identific\u00e1veis. N\u00e3o s\u00e3o, portanto, dados pessoais e os visitantes continuam an\u00f3nimos.<br \/><strong><br \/>Partilha e Divulga\u00e7\u00e3o dos Dados Pessoais<\/strong><br \/>Por considerar informa\u00e7\u00e3o confidencial e individual, a CTEL &#8211; Companhia de Tecnologias de Empresa, Lda. n\u00e3o vender\u00e1 ou ceder\u00e1 a terceiros os dados pessoais dos visitantes registados. Estes apenas s\u00e3o utilizados no \u00e2mbito das actividades da CTEL EXPORT e sempre com o objectivo de melhorar o servi\u00e7o prestado aos subscritores dos seus servi\u00e7os.<\/p><p><strong>Cookies<br \/><\/strong>O site www.ctelexport.com pode instalar e enviar cookies para o computador do visitante registado, desde que esta op\u00e7\u00e3o esteja activada no computador utilizado para fazer a navega\u00e7\u00e3o.<br \/>A CTEL poder\u00e1 rectificar esta pol\u00edtica em qualquer momento.<\/p>\t\t\t\t\t\t\t\t<\/div>\n\t\t\t\t<\/div>\n\t\t\t\t\t<\/div>\n\t\t\t\t<\/div>\n\t\t\t\t<\/div>\n\t\t","protected":false},"excerpt":{"rendered":"<p>Pol\u00edtica de Privacidade Por favor, leia este texto e conhe\u00e7a melhor a nossa Pol\u00edtica de Privacidade. Pol\u00edtica de privacidade online da CTEL EXPORT fornece informa\u00e7\u00f5es sobre precis\u00e3o, acesso, seguran\u00e7a e &#8230;<\/p>\n","protected":false},"author":1,"featured_media":0,"parent":0,"menu_order":0,"comment_status":"closed","ping_status":"closed","template":"","meta":{"footnotes":""},"class_list":["post-3","page","type-page","status-publish","hentry"],"_links":{"self":[{"href":"https:\/\/ctelexport.com\/web\/index.php\/wp-json\/wp\/v2\/pages\/3","targetHints":{"allow":["GET"]}}],"collection":[{"href":"https:\/\/ctelexport.com\/web\/index.php\/wp-json\/wp\/v2\/pages"}],"about":[{"href":"https:\/\/ctelexport.com\/web\/index.php\/wp-json\/wp\/v2\/types\/page"}],"author":[{"embeddable":true,"href":"https:\/\/ctelexport.com\/web\/index.php\/wp-json\/wp\/v2\/users\/1"}],"replies":[{"embeddable":true,"href":"https:\/\/ctelexport.com\/web\/index.php\/wp-json\/wp\/v2\/comments?post=3"}],"version-history":[{"count":7,"href":"https:\/\/ctelexport.com\/web\/index.php\/wp-json\/wp\/v2\/pages\/3\/revisions"}],"predecessor-version":[{"id":7776,"href":"https:\/\/ctelexport.com\/web\/index.php\/wp-json\/wp\/v2\/pages\/3\/revisions\/7776"}],"wp:attachment":[{"href":"https:\/\/ctelexport.com\/web\/index.php\/wp-json\/wp\/v2\/media?parent=3"}],"curies":[{"name":"wp","href":"https:\/\/api.w.org\/{rel}","templated":true}]}}